{"id":322,"date":"2024-02-21T18:43:53","date_gmt":"2024-02-21T21:43:53","guid":{"rendered":"https:\/\/associacaoculturalepanto.com\/?page_id=322"},"modified":"2024-03-02T19:21:13","modified_gmt":"2024-03-02T22:21:13","slug":"material-secretaria","status":"publish","type":"page","link":"https:\/\/associacaoculturalepanto.com\/index.php\/material-secretaria\/","title":{"rendered":"Material Secretaria"},"content":{"rendered":"\t\t<div data-elementor-type=\"wp-page\" data-elementor-id=\"322\" class=\"elementor elementor-322\" data-elementor-settings=\"{&quot;ha_cmc_init_switcher&quot;:&quot;no&quot;}\" data-elementor-post-type=\"page\">\n\t\t\t\t<div class=\"elementor-element elementor-element-f976072 e-flex e-con-boxed e-con e-parent\" data-id=\"f976072\" data-element_type=\"container\" data-settings=\"{&quot;_ha_eqh_enable&quot;:false}\">\n\t\t\t\t\t<div class=\"e-con-inner\">\n\t\t\t\t<div class=\"elementor-element elementor-element-843992e elementor-widget elementor-widget-heading\" data-id=\"843992e\" data-element_type=\"widget\" data-widget_type=\"heading.default\">\n\t\t\t\t<div class=\"elementor-widget-container\">\n\t\t\t\t\t<h2 class=\"elementor-heading-title elementor-size-default\">BAIXE NOSSOS MODELOS DE ATAS<\/h2>\t\t\t\t<\/div>\n\t\t\t\t<\/div>\n\t\t\t\t<div class=\"elementor-element elementor-element-389717e elementor-widget-divider--view-line elementor-widget elementor-widget-divider\" data-id=\"389717e\" data-element_type=\"widget\" data-widget_type=\"divider.default\">\n\t\t\t\t<div class=\"elementor-widget-container\">\n\t\t\t\t\t\t\t<div class=\"elementor-divider\">\n\t\t\t<span class=\"elementor-divider-separator\">\n\t\t\t\t\t\t<\/span>\n\t\t<\/div>\n\t\t\t\t\t\t<\/div>\n\t\t\t\t<\/div>\n\t\t\t\t<div class=\"elementor-element elementor-element-c7b4209 elementor-widget elementor-widget-text-editor\" data-id=\"c7b4209\" data-element_type=\"widget\" data-widget_type=\"text-editor.default\">\n\t\t\t\t<div class=\"elementor-widget-container\">\n\t\t\t\t\t\t\t\t\t<p>Clique no bot\u00e3o para fazer o download do arquivo!<\/p>\t\t\t\t\t\t\t\t<\/div>\n\t\t\t\t<\/div>\n\t\t<div class=\"elementor-element elementor-element-31a49f5 e-flex e-con-boxed e-con e-child\" data-id=\"31a49f5\" data-element_type=\"container\" data-settings=\"{&quot;_ha_eqh_enable&quot;:false}\">\n\t\t\t\t\t<div class=\"e-con-inner\">\n\t\t<div class=\"elementor-element elementor-element-c6ce109 e-flex e-con-boxed e-con e-child\" data-id=\"c6ce109\" data-element_type=\"container\" data-settings=\"{&quot;_ha_eqh_enable&quot;:false}\">\n\t\t\t\t\t<div class=\"e-con-inner\">\n\t\t\t\t<div class=\"elementor-element elementor-element-2e169a9 elementor-widget elementor-widget-image\" data-id=\"2e169a9\" data-element_type=\"widget\" data-widget_type=\"image.default\">\n\t\t\t\t<div class=\"elementor-widget-container\">\n\t\t\t\t\t\t\t\t\t\t\t\t\t\t\t<img fetchpriority=\"high\" decoding=\"async\" width=\"2500\" height=\"2500\" src=\"https:\/\/associacaoculturalepanto.com\/wp-content\/uploads\/2024\/02\/6306485.png\" class=\"attachment-full size-full wp-image-583\" alt=\"\" srcset=\"https:\/\/associacaoculturalepanto.com\/wp-content\/uploads\/2024\/02\/6306485.png 2500w, https:\/\/associacaoculturalepanto.com\/wp-content\/uploads\/2024\/02\/6306485-300x300.png 300w, https:\/\/associacaoculturalepanto.com\/wp-content\/uploads\/2024\/02\/6306485-1024x1024.png 1024w, https:\/\/associacaoculturalepanto.com\/wp-content\/uploads\/2024\/02\/6306485-150x150.png 150w, https:\/\/associacaoculturalepanto.com\/wp-content\/uploads\/2024\/02\/6306485-768x768.png 768w, https:\/\/associacaoculturalepanto.com\/wp-content\/uploads\/2024\/02\/6306485-1536x1536.png 1536w, https:\/\/associacaoculturalepanto.com\/wp-content\/uploads\/2024\/02\/6306485-2048x2048.png 2048w\" sizes=\"(max-width: 2500px) 100vw, 2500px\" \/>\t\t\t\t\t\t\t\t\t\t\t\t\t\t\t<\/div>\n\t\t\t\t<\/div>\n\t\t\t\t<div class=\"elementor-element elementor-element-6fd6236 elementor-widget elementor-widget-heading\" data-id=\"6fd6236\" data-element_type=\"widget\" data-widget_type=\"heading.default\">\n\t\t\t\t<div class=\"elementor-widget-container\">\n\t\t\t\t\t<h2 class=\"elementor-heading-title elementor-size-default\">Mod. 01 Ata de Funda\u00e7\u00e3o - Reativa\u00e7\u00e3o de Fraternidade - ACL<\/h2>\t\t\t\t<\/div>\n\t\t\t\t<\/div>\n\t\t\t\t<div class=\"elementor-element elementor-element-1d8ae9e elementor-align-center elementor-widget elementor-widget-button\" data-id=\"1d8ae9e\" data-element_type=\"widget\" data-widget_type=\"button.default\">\n\t\t\t\t<div class=\"elementor-widget-container\">\n\t\t\t\t\t\t\t\t\t<div class=\"elementor-button-wrapper\">\n\t\t\t\t\t<a class=\"elementor-button elementor-button-link elementor-size-sm\" href=\"http:\/\/associacaoculturalepanto.com\/wp-content\/uploads\/2024\/02\/Mod.-01-Ata-de-Fundacao-Reativacao-de-Fraternidade-ACL.docx\" download=\"\">\n\t\t\t\t\t\t<span class=\"elementor-button-content-wrapper\">\n\t\t\t\t\t\t\t\t\t<span class=\"elementor-button-text\">Baixar agora!<\/span>\n\t\t\t\t\t<\/span>\n\t\t\t\t\t<\/a>\n\t\t\t\t<\/div>\n\t\t\t\t\t\t\t\t<\/div>\n\t\t\t\t<\/div>\n\t\t\t\t\t<\/div>\n\t\t\t\t<\/div>\n\t\t<div class=\"elementor-element elementor-element-8be93af e-flex e-con-boxed e-con e-child\" data-id=\"8be93af\" data-element_type=\"container\" data-settings=\"{&quot;_ha_eqh_enable&quot;:false}\">\n\t\t\t\t\t<div class=\"e-con-inner\">\n\t\t\t\t<div class=\"elementor-element elementor-element-5f6c7c3 elementor-widget elementor-widget-image\" data-id=\"5f6c7c3\" data-element_type=\"widget\" data-widget_type=\"image.default\">\n\t\t\t\t<div class=\"elementor-widget-container\">\n\t\t\t\t\t\t\t\t\t\t\t\t\t\t\t<img decoding=\"async\" width=\"800\" height=\"800\" src=\"https:\/\/associacaoculturalepanto.com\/wp-content\/uploads\/2024\/02\/6306485-1024x1024.png\" class=\"attachment-large size-large wp-image-583\" alt=\"\" srcset=\"https:\/\/associacaoculturalepanto.com\/wp-content\/uploads\/2024\/02\/6306485-1024x1024.png 1024w, https:\/\/associacaoculturalepanto.com\/wp-content\/uploads\/2024\/02\/6306485-300x300.png 300w, https:\/\/associacaoculturalepanto.com\/wp-content\/uploads\/2024\/02\/6306485-150x150.png 150w, https:\/\/associacaoculturalepanto.com\/wp-content\/uploads\/2024\/02\/6306485-768x768.png 768w, https:\/\/associacaoculturalepanto.com\/wp-content\/uploads\/2024\/02\/6306485-1536x1536.png 1536w, https:\/\/associacaoculturalepanto.com\/wp-content\/uploads\/2024\/02\/6306485-2048x2048.png 2048w\" sizes=\"(max-width: 800px) 100vw, 800px\" \/>\t\t\t\t\t\t\t\t\t\t\t\t\t\t\t<\/div>\n\t\t\t\t<\/div>\n\t\t\t\t<div class=\"elementor-element elementor-element-7378234 elementor-widget elementor-widget-heading\" data-id=\"7378234\" data-element_type=\"widget\" data-widget_type=\"heading.default\">\n\t\t\t\t<div class=\"elementor-widget-container\">\n\t\t\t\t\t<h2 class=\"elementor-heading-title elementor-size-default\">Mod. 02 Ata da Reuni\u00e3o Ordin\u00e1ria da Fraternidade - ACL<\/h2>\t\t\t\t<\/div>\n\t\t\t\t<\/div>\n\t\t\t\t<div class=\"elementor-element elementor-element-9b5aab6 elementor-align-center elementor-widget elementor-widget-button\" data-id=\"9b5aab6\" data-element_type=\"widget\" data-widget_type=\"button.default\">\n\t\t\t\t<div class=\"elementor-widget-container\">\n\t\t\t\t\t\t\t\t\t<div class=\"elementor-button-wrapper\">\n\t\t\t\t\t<a class=\"elementor-button elementor-button-link elementor-size-sm\" href=\"http:\/\/associacaoculturalepanto.com\/wp-content\/uploads\/2024\/02\/Mod.-02-Ata-da-Reuniao-Ordinaria-da-Fraternidade-ACL.docx\" download=\"\">\n\t\t\t\t\t\t<span class=\"elementor-button-content-wrapper\">\n\t\t\t\t\t\t\t\t\t<span class=\"elementor-button-text\">Baixar agora!<\/span>\n\t\t\t\t\t<\/span>\n\t\t\t\t\t<\/a>\n\t\t\t\t<\/div>\n\t\t\t\t\t\t\t\t<\/div>\n\t\t\t\t<\/div>\n\t\t\t\t\t<\/div>\n\t\t\t\t<\/div>\n\t\t<div class=\"elementor-element elementor-element-210651f e-flex e-con-boxed e-con e-child\" data-id=\"210651f\" data-element_type=\"container\" data-settings=\"{&quot;_ha_eqh_enable&quot;:false}\">\n\t\t\t\t\t<div class=\"e-con-inner\">\n\t\t\t\t<div class=\"elementor-element elementor-element-261ffce elementor-widget elementor-widget-image\" data-id=\"261ffce\" data-element_type=\"widget\" data-widget_type=\"image.default\">\n\t\t\t\t<div class=\"elementor-widget-container\">\n\t\t\t\t\t\t\t\t\t\t\t\t\t\t\t<img decoding=\"async\" width=\"800\" height=\"800\" src=\"https:\/\/associacaoculturalepanto.com\/wp-content\/uploads\/2024\/02\/6306485-1024x1024.png\" class=\"attachment-large size-large wp-image-583\" alt=\"\" srcset=\"https:\/\/associacaoculturalepanto.com\/wp-content\/uploads\/2024\/02\/6306485-1024x1024.png 1024w, https:\/\/associacaoculturalepanto.com\/wp-content\/uploads\/2024\/02\/6306485-300x300.png 300w, https:\/\/associacaoculturalepanto.com\/wp-content\/uploads\/2024\/02\/6306485-150x150.png 150w, https:\/\/associacaoculturalepanto.com\/wp-content\/uploads\/2024\/02\/6306485-768x768.png 768w, https:\/\/associacaoculturalepanto.com\/wp-content\/uploads\/2024\/02\/6306485-1536x1536.png 1536w, https:\/\/associacaoculturalepanto.com\/wp-content\/uploads\/2024\/02\/6306485-2048x2048.png 2048w\" sizes=\"(max-width: 800px) 100vw, 800px\" \/>\t\t\t\t\t\t\t\t\t\t\t\t\t\t\t<\/div>\n\t\t\t\t<\/div>\n\t\t\t\t<div class=\"elementor-element elementor-element-cdad5f9 elementor-widget elementor-widget-heading\" data-id=\"cdad5f9\" data-element_type=\"widget\" data-widget_type=\"heading.default\">\n\t\t\t\t<div class=\"elementor-widget-container\">\n\t\t\t\t\t<h2 class=\"elementor-heading-title elementor-size-default\">Mod. 03 Ata de Elei\u00e7\u00e3o da Fraternidade - ACL<\/h2>\t\t\t\t<\/div>\n\t\t\t\t<\/div>\n\t\t\t\t<div class=\"elementor-element elementor-element-bbf72aa elementor-align-center elementor-widget elementor-widget-button\" data-id=\"bbf72aa\" data-element_type=\"widget\" data-widget_type=\"button.default\">\n\t\t\t\t<div class=\"elementor-widget-container\">\n\t\t\t\t\t\t\t\t\t<div class=\"elementor-button-wrapper\">\n\t\t\t\t\t<a class=\"elementor-button elementor-button-link elementor-size-sm\" href=\"http:\/\/associacaoculturalepanto.com\/wp-content\/uploads\/2024\/02\/Mod.-03-Ata-de-Eleicao-da-Fraternidade-ACL.docx\" download=\"\">\n\t\t\t\t\t\t<span class=\"elementor-button-content-wrapper\">\n\t\t\t\t\t\t\t\t\t<span class=\"elementor-button-text\">Baixar agora!<\/span>\n\t\t\t\t\t<\/span>\n\t\t\t\t\t<\/a>\n\t\t\t\t<\/div>\n\t\t\t\t\t\t\t\t<\/div>\n\t\t\t\t<\/div>\n\t\t\t\t\t<\/div>\n\t\t\t\t<\/div>\n\t\t\t\t\t<\/div>\n\t\t\t\t<\/div>\n\t\t<div class=\"elementor-element elementor-element-4f7b6c4 e-flex e-con-boxed e-con e-child\" data-id=\"4f7b6c4\" data-element_type=\"container\" data-settings=\"{&quot;_ha_eqh_enable&quot;:false}\">\n\t\t\t\t\t<div class=\"e-con-inner\">\n\t\t<div class=\"elementor-element elementor-element-44bc87f e-flex e-con-boxed e-con e-child\" data-id=\"44bc87f\" data-element_type=\"container\" data-settings=\"{&quot;_ha_eqh_enable&quot;:false}\">\n\t\t\t\t\t<div class=\"e-con-inner\">\n\t\t\t\t<div class=\"elementor-element elementor-element-6b7a916 elementor-widget elementor-widget-image\" data-id=\"6b7a916\" data-element_type=\"widget\" data-widget_type=\"image.default\">\n\t\t\t\t<div class=\"elementor-widget-container\">\n\t\t\t\t\t\t\t\t\t\t\t\t\t\t\t<img decoding=\"async\" width=\"800\" height=\"800\" src=\"https:\/\/associacaoculturalepanto.com\/wp-content\/uploads\/2024\/02\/6306485-1024x1024.png\" class=\"attachment-large size-large wp-image-583\" alt=\"\" srcset=\"https:\/\/associacaoculturalepanto.com\/wp-content\/uploads\/2024\/02\/6306485-1024x1024.png 1024w, https:\/\/associacaoculturalepanto.com\/wp-content\/uploads\/2024\/02\/6306485-300x300.png 300w, https:\/\/associacaoculturalepanto.com\/wp-content\/uploads\/2024\/02\/6306485-150x150.png 150w, https:\/\/associacaoculturalepanto.com\/wp-content\/uploads\/2024\/02\/6306485-768x768.png 768w, https:\/\/associacaoculturalepanto.com\/wp-content\/uploads\/2024\/02\/6306485-1536x1536.png 1536w, https:\/\/associacaoculturalepanto.com\/wp-content\/uploads\/2024\/02\/6306485-2048x2048.png 2048w\" sizes=\"(max-width: 800px) 100vw, 800px\" \/>\t\t\t\t\t\t\t\t\t\t\t\t\t\t\t<\/div>\n\t\t\t\t<\/div>\n\t\t\t\t<div class=\"elementor-element elementor-element-779295e elementor-widget elementor-widget-heading\" data-id=\"779295e\" data-element_type=\"widget\" data-widget_type=\"heading.default\">\n\t\t\t\t<div class=\"elementor-widget-container\">\n\t\t\t\t\t<h2 class=\"elementor-heading-title elementor-size-default\">Mod. 04 Ata de Posse da Diretoria da Fraternidade - ACL<\/h2>\t\t\t\t<\/div>\n\t\t\t\t<\/div>\n\t\t\t\t<div class=\"elementor-element elementor-element-a5d0f42 elementor-align-center elementor-widget elementor-widget-button\" data-id=\"a5d0f42\" data-element_type=\"widget\" data-widget_type=\"button.default\">\n\t\t\t\t<div class=\"elementor-widget-container\">\n\t\t\t\t\t\t\t\t\t<div class=\"elementor-button-wrapper\">\n\t\t\t\t\t<a class=\"elementor-button elementor-button-link elementor-size-sm\" href=\"http:\/\/associacaoculturalepanto.com\/wp-content\/uploads\/2024\/02\/Mod.-04-Ata-de-Posse-da-Diretoria-da-Fraternidade-ACL.docx\" download=\"\">\n\t\t\t\t\t\t<span class=\"elementor-button-content-wrapper\">\n\t\t\t\t\t\t\t\t\t<span class=\"elementor-button-text\">Baixar agora!<\/span>\n\t\t\t\t\t<\/span>\n\t\t\t\t\t<\/a>\n\t\t\t\t<\/div>\n\t\t\t\t\t\t\t\t<\/div>\n\t\t\t\t<\/div>\n\t\t\t\t\t<\/div>\n\t\t\t\t<\/div>\n\t\t<div class=\"elementor-element elementor-element-975d4e8 e-flex e-con-boxed e-con e-child\" data-id=\"975d4e8\" data-element_type=\"container\" data-settings=\"{&quot;_ha_eqh_enable&quot;:false}\">\n\t\t\t\t\t<div class=\"e-con-inner\">\n\t\t\t\t<div class=\"elementor-element elementor-element-898c011 elementor-widget elementor-widget-image\" data-id=\"898c011\" data-element_type=\"widget\" data-widget_type=\"image.default\">\n\t\t\t\t<div class=\"elementor-widget-container\">\n\t\t\t\t\t\t\t\t\t\t\t\t\t\t\t<img decoding=\"async\" width=\"800\" height=\"800\" src=\"https:\/\/associacaoculturalepanto.com\/wp-content\/uploads\/2024\/02\/6306485-1024x1024.png\" class=\"attachment-large size-large wp-image-583\" alt=\"\" srcset=\"https:\/\/associacaoculturalepanto.com\/wp-content\/uploads\/2024\/02\/6306485-1024x1024.png 1024w, https:\/\/associacaoculturalepanto.com\/wp-content\/uploads\/2024\/02\/6306485-300x300.png 300w, https:\/\/associacaoculturalepanto.com\/wp-content\/uploads\/2024\/02\/6306485-150x150.png 150w, https:\/\/associacaoculturalepanto.com\/wp-content\/uploads\/2024\/02\/6306485-768x768.png 768w, https:\/\/associacaoculturalepanto.com\/wp-content\/uploads\/2024\/02\/6306485-1536x1536.png 1536w, https:\/\/associacaoculturalepanto.com\/wp-content\/uploads\/2024\/02\/6306485-2048x2048.png 2048w\" sizes=\"(max-width: 800px) 100vw, 800px\" \/>\t\t\t\t\t\t\t\t\t\t\t\t\t\t\t<\/div>\n\t\t\t\t<\/div>\n\t\t\t\t<div class=\"elementor-element elementor-element-095917e elementor-widget elementor-widget-heading\" data-id=\"095917e\" data-element_type=\"widget\" data-widget_type=\"heading.default\">\n\t\t\t\t<div class=\"elementor-widget-container\">\n\t\t\t\t\t<h2 class=\"elementor-heading-title elementor-size-default\">Mod. 05 Formul\u00e1rio de Agrega\u00e7\u00e3o ao Conselho Regional - ACL<\/h2>\t\t\t\t<\/div>\n\t\t\t\t<\/div>\n\t\t\t\t<div class=\"elementor-element elementor-element-1f0112f elementor-align-center elementor-widget elementor-widget-button\" data-id=\"1f0112f\" data-element_type=\"widget\" data-widget_type=\"button.default\">\n\t\t\t\t<div class=\"elementor-widget-container\">\n\t\t\t\t\t\t\t\t\t<div class=\"elementor-button-wrapper\">\n\t\t\t\t\t<a class=\"elementor-button elementor-button-link elementor-size-sm\" href=\"http:\/\/associacaoculturalepanto.com\/wp-content\/uploads\/2024\/02\/Mod.-05-Formulario-de-Agregacao-ao-Conselho-Regional-ACL.docx\" download=\"\">\n\t\t\t\t\t\t<span class=\"elementor-button-content-wrapper\">\n\t\t\t\t\t\t\t\t\t<span class=\"elementor-button-text\">Baixar agora!<\/span>\n\t\t\t\t\t<\/span>\n\t\t\t\t\t<\/a>\n\t\t\t\t<\/div>\n\t\t\t\t\t\t\t\t<\/div>\n\t\t\t\t<\/div>\n\t\t\t\t\t<\/div>\n\t\t\t\t<\/div>\n\t\t<div class=\"elementor-element elementor-element-0059099 e-flex e-con-boxed e-con e-child\" data-id=\"0059099\" data-element_type=\"container\" data-settings=\"{&quot;_ha_eqh_enable&quot;:false}\">\n\t\t\t\t\t<div class=\"e-con-inner\">\n\t\t\t\t\t<\/div>\n\t\t\t\t<\/div>\n\t\t\t\t\t<\/div>\n\t\t\t\t<\/div>\n\t\t\t\t\t<\/div>\n\t\t\t\t<\/div>\n\t\t\t\t<\/div>\n\t\t","protected":false},"excerpt":{"rendered":"<p>BAIXE NOSSOS MODELOS DE ATAS Clique no bot\u00e3o para fazer o download do arquivo! Mod. 01 Ata de Funda\u00e7\u00e3o &#8211; Reativa\u00e7\u00e3o de Fraternidade &#8211; ACL Baixar agora! Mod. 02 Ata da Reuni\u00e3o Ordin\u00e1ria da Fraternidade &#8211; ACL Baixar agora! Mod. 03 Ata de Elei\u00e7\u00e3o da Fraternidade &#8211; ACL Baixar agora! Mod. 04 Ata de Posse [&hellip;]<\/p>\n","protected":false},"author":1,"featured_media":0,"parent":0,"menu_order":0,"comment_status":"closed","ping_status":"closed","template":"","meta":{"footnotes":""},"class_list":["post-322","page","type-page","status-publish","hentry"],"_links":{"self":[{"href":"https:\/\/associacaoculturalepanto.com\/index.php\/wp-json\/wp\/v2\/pages\/322","targetHints":{"allow":["GET"]}}],"collection":[{"href":"https:\/\/associacaoculturalepanto.com\/index.php\/wp-json\/wp\/v2\/pages"}],"about":[{"href":"https:\/\/associacaoculturalepanto.com\/index.php\/wp-json\/wp\/v2\/types\/page"}],"author":[{"embeddable":true,"href":"https:\/\/associacaoculturalepanto.com\/index.php\/wp-json\/wp\/v2\/users\/1"}],"replies":[{"embeddable":true,"href":"https:\/\/associacaoculturalepanto.com\/index.php\/wp-json\/wp\/v2\/comments?post=322"}],"version-history":[{"count":235,"href":"https:\/\/associacaoculturalepanto.com\/index.php\/wp-json\/wp\/v2\/pages\/322\/revisions"}],"predecessor-version":[{"id":1001,"href":"https:\/\/associacaoculturalepanto.com\/index.php\/wp-json\/wp\/v2\/pages\/322\/revisions\/1001"}],"wp:attachment":[{"href":"https:\/\/associacaoculturalepanto.com\/index.php\/wp-json\/wp\/v2\/media?parent=322"}],"curies":[{"name":"wp","href":"https:\/\/api.w.org\/{rel}","templated":true}]}}